[INFO] cloning repository https://github.com/JASory/ENT
[INFO] running `Command { std: "git" "-c" "credential.helper=" "-c" "credential.helper=/workspace/cargo-home/bin/git-credential-null" "clone" "--bare" "https://github.com/JASory/ENT" "/workspace/cache/git-repos/https%3A%2F%2Fgithub.com%2FJASory%2FENT", kill_on_drop: false }`
[INFO] [stderr] Cloning into bare repository '/workspace/cache/git-repos/https%3A%2F%2Fgithub.com%2FJASory%2FENT'...
[INFO] running `Command { std: "git" "rev-parse" "HEAD", kill_on_drop: false }`
[INFO] [stdout] fca294f26e920f3a74cf3d704560d39b17905ef9
[INFO] checking JASory/ENT against master#e6e4f7ed1589e03bc2f6c5931c1a72e7947e8682 for beta-170-4
[INFO] running `Command { std: "git" "clone" "/workspace/cache/git-repos/https%3A%2F%2Fgithub.com%2FJASory%2FENT" "/workspace/builds/worker-2-tc2/source", kill_on_drop: false }`
[INFO] [stderr] Cloning into '/workspace/builds/worker-2-tc2/source'...
[INFO] [stderr] done.
[INFO] validating manifest of git repo https://github.com/JASory/ENT on toolchain e6e4f7ed1589e03bc2f6c5931c1a72e7947e8682
[INFO] running `Command { std: CARGO_HOME="/workspace/cargo-home" RUSTUP_HOME="/workspace/rustup-home" "/workspace/cargo-home/bin/cargo" "+e6e4f7ed1589e03bc2f6c5931c1a72e7947e8682" "metadata" "--manifest-path" "Cargo.toml" "--no-deps", kill_on_drop: false }`
[INFO] started tweaking git repo https://github.com/JASory/ENT
[INFO] finished tweaking git repo https://github.com/JASory/ENT
[INFO] tweaked toml for git repo https://github.com/JASory/ENT written to /workspace/builds/worker-2-tc2/source/Cargo.toml
[INFO] crate git repo https://github.com/JASory/ENT already has a lockfile, it will not be regenerated
[INFO] running `Command { std: CARGO_HOME="/workspace/cargo-home" RUSTUP_HOME="/workspace/rustup-home" "/workspace/cargo-home/bin/cargo" "+e6e4f7ed1589e03bc2f6c5931c1a72e7947e8682" "fetch" "--manifest-path" "Cargo.toml", kill_on_drop: false }`
[INFO] running `Command { std: "docker" "create" "-v" "/var/lib/crater-agent-workspace/builds/worker-2-tc2/target:/opt/rustwide/target:rw,Z" "-v" "/var/lib/crater-agent-workspace/builds/worker-2-tc2/source:/opt/rustwide/workdir:ro,Z" "-v" "/var/lib/crater-agent-workspace/cargo-home:/opt/rustwide/cargo-home:ro,Z" "-v" "/var/lib/crater-agent-workspace/rustup-home:/opt/rustwide/rustup-home:ro,Z" "-e" "SOURCE_DIR=/opt/rustwide/workdir" "-e" "CARGO_TARGET_DIR=/opt/rustwide/target" "-e" "CARGO_HOME=/opt/rustwide/cargo-home" "-e" "RUSTUP_HOME=/opt/rustwide/rustup-home" "-w" "/opt/rustwide/workdir" "-m" "1610612736" "--user" "0:0" "--network" "none" "ghcr.io/rust-lang/crates-build-env/linux@sha256:19e73879b68f455e41552ea35293514db52ea292d993f571636dbffedb77a1ee" "/opt/rustwide/cargo-home/bin/cargo" "+e6e4f7ed1589e03bc2f6c5931c1a72e7947e8682" "metadata" "--no-deps" "--format-version=1", kill_on_drop: false }`
[INFO] [stdout] cb965b8a40e0d6b703c664e1a8f09b4cfc21d4f5c37eb203131791cc063bf4c0
[INFO] running `Command { std: "docker" "start" "-a" "cb965b8a40e0d6b703c664e1a8f09b4cfc21d4f5c37eb203131791cc063bf4c0", kill_on_drop: false }`
[INFO] running `Command { std: "docker" "inspect" "cb965b8a40e0d6b703c664e1a8f09b4cfc21d4f5c37eb203131791cc063bf4c0", kill_on_drop: false }`
[INFO] running `Command { std: "docker" "rm" "-f" "cb965b8a40e0d6b703c664e1a8f09b4cfc21d4f5c37eb203131791cc063bf4c0", kill_on_drop: false }`
[INFO] [stdout] cb965b8a40e0d6b703c664e1a8f09b4cfc21d4f5c37eb203131791cc063bf4c0
[INFO] running `Command { std: "docker" "create" "-v" "/var/lib/crater-agent-workspace/builds/worker-2-tc2/target:/opt/rustwide/target:rw,Z" "-v" "/var/lib/crater-agent-workspace/builds/worker-2-tc2/source:/opt/rustwide/workdir:ro,Z" "-v" "/var/lib/crater-agent-workspace/cargo-home:/opt/rustwide/cargo-home:ro,Z" "-v" "/var/lib/crater-agent-workspace/rustup-home:/opt/rustwide/rustup-home:ro,Z" "-e" "SOURCE_DIR=/opt/rustwide/workdir" "-e" "CARGO_TARGET_DIR=/opt/rustwide/target" "-e" "CARGO_INCREMENTAL=0" "-e" "RUST_BACKTRACE=full" "-e" "RUSTFLAGS=--cap-lints=forbid" "-e" "RUSTDOCFLAGS=--cap-lints=forbid" "-e" "CARGO_HOME=/opt/rustwide/cargo-home" "-e" "RUSTUP_HOME=/opt/rustwide/rustup-home" "-w" "/opt/rustwide/workdir" "-m" "1610612736" "--user" "0:0" "--network" "none" "ghcr.io/rust-lang/crates-build-env/linux@sha256:19e73879b68f455e41552ea35293514db52ea292d993f571636dbffedb77a1ee" "/opt/rustwide/cargo-home/bin/cargo" "+e6e4f7ed1589e03bc2f6c5931c1a72e7947e8682" "check" "--frozen" "--all" "--all-targets" "--message-format=json", kill_on_drop: false }`
[INFO] [stdout] bdf6a71d9b1e7ec3c35bacea942fa0401a46235b2fae782f4c0313deeda15779
[INFO] running `Command { std: "docker" "start" "-a" "bdf6a71d9b1e7ec3c35bacea942fa0401a46235b2fae782f4c0313deeda15779", kill_on_drop: false }`
[INFO] [stderr]     Checking number-theory v0.0.22 (/opt/rustwide/workdir)
[INFO] [stdout] warning: unused import: `number_theory::Sign`
[INFO] [stdout]  --> tests/arithtest.rs:4:5
[INFO] [stdout]   |
[INFO] [stdout] 4 | use number_theory::Sign; 
[INFO] [stdout]   |     ^^^^^^^^^^^^^^^^^^^
[INFO] [stdout]   |
[INFO] [stdout]   = note: `#[warn(unused_imports)]` on by default
[INFO] [stdout] 
[INFO] [stdout] 
[INFO] [stdout] warning: 1 warning emitted
[INFO] [stdout] 
[INFO] [stdout] 
[INFO] [stdout] error[E0599]: no method named `euclid_gcd` found for type `u8` in the current scope
[INFO] [stdout]  --> tests/simple_gcd.rs:6:21
[INFO] [stdout]   |
[INFO] [stdout] 6 |     assert_eq!(35u8.euclid_gcd(&63), 7);
[INFO] [stdout]   |                     ^^^^^^^^^^ method not found in `u8`
[INFO] [stdout] 
[INFO] [stdout] 
[INFO] [stdout] warning: unused variable: `quo`
[INFO] [stdout]   --> tests/enttest.rs:81:10
[INFO] [stdout]    |
[INFO] [stdout] 81 |     let (quo,rem) = Mpz::from_string("-2500000000000000000000000000000000000000000000000000000000000000000000000000000000").unwrap().eucl...
[INFO] [stdout]    |          ^^^ help: if this is intentional, prefix it with an underscore: `_quo`
[INFO] [stdout]    |
[INFO] [stdout]    = note: `#[warn(unused_variables)]` on by default
[INFO] [stdout] 
[INFO] [stdout] 
[INFO] [stdout] warning: unused variable: `rem`
[INFO] [stdout]   --> tests/enttest.rs:84:14
[INFO] [stdout]    |
[INFO] [stdout] 84 |     let (quo,rem) = Mpz::from_string("50000000000000000000000000000000000000000").unwrap().euclidean_div(&Mpz::from_string("-250000000000...
[INFO] [stdout]    |              ^^^ help: if this is intentional, prefix it with an underscore: `_rem`
[INFO] [stdout] 
[INFO] [stdout] 
[INFO] [stdout] error[E0308]: mismatched types
[INFO] [stdout]   --> tests/simple_residue.rs:46:5
[INFO] [stdout]    |
[INFO] [stdout] 46 |     assert_eq!((5i64).checked_exp_residue(&-5, &35), None);
[INFO] [stdout]    |     ^^^^^^^^^^^^^^^^^^^^^^^^^^^^^^^^^^^^^^^^^^^^^^^^^^^^^^
[INFO] [stdout]    |     |
[INFO] [stdout]    |     expected `NTResult<i64>`, found `Option<_>`
[INFO] [stdout]    |     expected because this is `NTResult<i64>`
[INFO] [stdout]    |
[INFO] [stdout]    = note: expected enum `NTResult<i64>`
[INFO] [stdout]               found enum `Option<_>`
[INFO] [stdout]    = note: this error originates in the macro `assert_eq` (in Nightly builds, run with -Z macro-backtrace for more info)
[INFO] [stdout] 
[INFO] [stdout] 
[INFO] [stdout] error[E0308]: mismatched types
[INFO] [stdout]   --> benches/rand.rs:44:9
[INFO] [stdout]    |
[INFO] [stdout] 42 |  let mut k = 0u16;
[INFO] [stdout]    |              ---- expected due to this value
[INFO] [stdout] 43 |   for _ in 0..1_000_000{
[INFO] [stdout] 44 |     k = u16::prime_gen(16);
[INFO] [stdout]    |         ^^^^^^^^^^^^^^^^^^ expected `u16`, found `NTResult<u16>`
[INFO] [stdout]    |
[INFO] [stdout]    = note: expected type `u16`
[INFO] [stdout]               found enum `NTResult<u16>`
[INFO] [stdout] 
[INFO] [stdout] 
[INFO] [stdout] error[E0308]: mismatched types
[INFO] [stdout]   --> tests/simple_residue.rs:48:5
[INFO] [stdout]    |
[INFO] [stdout] 48 |     assert_eq!((5i64).checked_exp_residue(&28, &0), None);
[INFO] [stdout]    |     ^^^^^^^^^^^^^^^^^^^^^^^^^^^^^^^^^^^^^^^^^^^^^^^^^^^^^
[INFO] [stdout]    |     |
[INFO] [stdout]    |     expected `NTResult<i64>`, found `Option<_>`
[INFO] [stdout]    |     expected because this is `NTResult<i64>`
[INFO] [stdout]    |
[INFO] [stdout]    = note: expected enum `NTResult<i64>`
[INFO] [stdout]               found enum `Option<_>`
[INFO] [stdout]    = note: this error originates in the macro `assert_eq` (in Nightly builds, run with -Z macro-backtrace for more info)
[INFO] [stdout] 
[INFO] [stdout] 
[INFO] [stdout] error[E0308]: mismatched types
[INFO] [stdout]   --> benches/rand.rs:52:9
[INFO] [stdout]    |
[INFO] [stdout] 50 |    let mut k = 0u32;
[INFO] [stdout]    |                ---- expected due to this value
[INFO] [stdout] 51 |   for _ in 0..1_000_000{
[INFO] [stdout] 52 |     k = u32::prime_gen(32);
[INFO] [stdout]    |         ^^^^^^^^^^^^^^^^^^ expected `u32`, found `NTResult<u32>`
[INFO] [stdout]    |
[INFO] [stdout]    = note: expected type `u32`
[INFO] [stdout]               found enum `NTResult<u32>`
[INFO] [stdout] 
[INFO] [stdout] 
[INFO] [stdout] error: aborting due to 2 previous errors
[INFO] [stdout] 
[INFO] [stdout] 
[INFO] [stdout] For more information about this error, try `rustc --explain E0308`.
[INFO] [stdout] 
[INFO] [stdout] error[E0599]: no method named `euclid_gcd` found for type `u16` in the current scope
[INFO] [stdout]  --> tests/simple_gcd.rs:7:22
[INFO] [stdout]   |
[INFO] [stdout] 7 |     assert_eq!(35u16.euclid_gcd(&63), 7);
[INFO] [stdout]   |                      ^^^^^^^^^^ method not found in `u16`
[INFO] [stdout] 
[INFO] [stdout] 
[INFO] [stdout] error[E0308]: mismatched types
[INFO] [stdout]   --> benches/rand.rs:60:9
[INFO] [stdout]    |
[INFO] [stdout] 58 |    let mut k = 0u64;
[INFO] [stdout]    |                ---- expected due to this value
[INFO] [stdout] 59 |   for _ in 0..1_000_000{
[INFO] [stdout] 60 |     k = u64::prime_gen(64);
[INFO] [stdout]    |         ^^^^^^^^^^^^^^^^^^ expected `u64`, found `NTResult<u64>`
[INFO] [stdout]    |
[INFO] [stdout]    = note: expected type `u64`
[INFO] [stdout]               found enum `NTResult<u64>`
[INFO] [stdout] 
[INFO] [stdout] 
[INFO] [stdout] error[E0308]: mismatched types
[INFO] [stdout]   --> benches/rand.rs:68:9
[INFO] [stdout]    |
[INFO] [stdout] 66 |    let mut k = 0u128;
[INFO] [stdout]    |                ----- expected due to this value
[INFO] [stdout] 67 |   for _ in 0..1_000_000{
[INFO] [stdout] 68 |     k = u128::prime_gen(128);
[INFO] [stdout]    |         ^^^^^^^^^^^^^^^^^^^^ expected `u128`, found `NTResult<u128>`
[INFO] [stdout]    |
[INFO] [stdout]    = note: expected type `u128`
[INFO] [stdout]               found enum `NTResult<u128>`
[INFO] [stdout] 
[INFO] [stdout] 
[INFO] [stdout] warning: 2 warnings emitted
[INFO] [stdout] 
[INFO] [stdout] 
[INFO] [stderr] error: could not compile `number-theory` (test "simple_residue") due to 3 previous errors
[INFO] [stderr] warning: build failed, waiting for other jobs to finish...
[INFO] [stdout] error: aborting due to 4 previous errors
[INFO] [stdout] 
[INFO] [stdout] 
[INFO] [stdout] For more information about this error, try `rustc --explain E0308`.
[INFO] [stdout] 
[INFO] [stdout] error[E0599]: no method named `euclid_gcd` found for type `u32` in the current scope
[INFO] [stdout]  --> tests/simple_gcd.rs:8:22
[INFO] [stdout]   |
[INFO] [stdout] 8 |     assert_eq!(35u32.euclid_gcd(&63), 7);
[INFO] [stdout]   |                      ^^^^^^^^^^ method not found in `u32`
[INFO] [stdout] 
[INFO] [stdout] 
[INFO] [stderr] error: could not compile `number-theory` (bench "rand") due to 5 previous errors
[INFO] [stdout] error[E0599]: no method named `euclid_gcd` found for type `u64` in the current scope
[INFO] [stdout]  --> tests/simple_gcd.rs:9:22
[INFO] [stdout]   |
[INFO] [stdout] 9 |     assert_eq!(35u64.euclid_gcd(&63), 7);
[INFO] [stdout]   |                      ^^^^^^^^^^ method not found in `u64`
[INFO] [stdout] 
[INFO] [stdout] 
[INFO] [stdout] error[E0599]: no method named `euclid_gcd` found for type `u128` in the current scope
[INFO] [stdout]   --> tests/simple_gcd.rs:10:23
[INFO] [stdout]    |
[INFO] [stdout] 10 |     assert_eq!(35u128.euclid_gcd(&63), 7);
[INFO] [stdout]    |                       ^^^^^^^^^^ method not found in `u128`
[INFO] [stdout] 
[INFO] [stdout] 
[INFO] [stdout] error[E0599]: no method named `euclid_gcd` found for struct `Mpz` in the current scope
[INFO] [stdout]   --> tests/simple_gcd.rs:13:14
[INFO] [stdout]    |
[INFO] [stdout] 12 | /         Mpz::from_u64(35)
[INFO] [stdout] 13 | |             .euclid_gcd(&Mpz::from_u64(63))
[INFO] [stdout]    | |             -^^^^^^^^^^ method not found in `Mpz`
[INFO] [stdout]    | |_____________|
[INFO] [stdout]    | 
[INFO] [stdout] 
[INFO] [stdout] 
[INFO] [stdout] error[E0369]: binary operation `<` cannot be applied to type `NTResult<u32>`
[INFO] [stdout]   --> tests/simple_ent.rs:49:24
[INFO] [stdout]    |
[INFO] [stdout] 49 |     assert!((thirtybit < 1073741824) && (thirtybit > 536870912))
[INFO] [stdout]    |              --------- ^ ---------- {integer}
[INFO] [stdout]    |              |
[INFO] [stdout]    |              NTResult<u32>
[INFO] [stdout] 
[INFO] [stdout] 
[INFO] [stdout] error[E0369]: binary operation `>` cannot be applied to type `NTResult<u32>`
[INFO] [stdout]   --> tests/simple_ent.rs:49:52
[INFO] [stdout]    |
[INFO] [stdout] 49 |     assert!((thirtybit < 1073741824) && (thirtybit > 536870912))
[INFO] [stdout]    |                                          --------- ^ --------- {integer}
[INFO] [stdout]    |                                          |
[INFO] [stdout]    |                                          NTResult<u32>
[INFO] [stdout] 
[INFO] [stdout] 
[INFO] [stdout] error[E0605]: non-primitive cast: `NTResult<i8>` as `u8`
[INFO] [stdout]   --> tests/simple_ent.rs:45:20
[INFO] [stdout]    |
[INFO] [stdout] 45 |     let sevenbit = i8::prime_gen(7) as u8;
[INFO] [stdout]    |                    ^^^^^^^^^^^^^^^^^^^^^^ an `as` expression can only be used to convert between primitive types or to coerce to a specific trait object
[INFO] [stdout] 
[INFO] [stdout] 
[INFO] [stdout] error: aborting due to 6 previous errors
[INFO] [stdout] 
[INFO] [stdout] 
[INFO] [stdout] For more information about this error, try `rustc --explain E0599`.
[INFO] [stdout] 
[INFO] [stderr] error: could not compile `number-theory` (test "simple_gcd") due to 7 previous errors
[INFO] [stdout] error: aborting due to 3 previous errors
[INFO] [stdout] 
[INFO] [stdout] 
[INFO] [stdout] Some errors have detailed explanations: E0369, E0605.
[INFO] [stdout] 
[INFO] [stdout] For more information about an error, try `rustc --explain E0369`.
[INFO] [stdout] 
[INFO] [stderr] error: could not compile `number-theory` (test "simple_ent") due to 4 previous errors
[INFO] running `Command { std: "docker" "inspect" "bdf6a71d9b1e7ec3c35bacea942fa0401a46235b2fae782f4c0313deeda15779", kill_on_drop: false }`
[INFO] running `Command { std: "docker" "rm" "-f" "bdf6a71d9b1e7ec3c35bacea942fa0401a46235b2fae782f4c0313deeda15779", kill_on_drop: false }`
[INFO] [stdout] bdf6a71d9b1e7ec3c35bacea942fa0401a46235b2fae782f4c0313deeda15779
